{"id":11,"date":"2020-06-09T03:28:24","date_gmt":"2020-06-09T03:28:24","guid":{"rendered":"http:\/\/sw-themes.com\/porto_dummy\/?page_id=11"},"modified":"2021-11-14T16:13:20","modified_gmt":"2021-11-14T13:13:20","slug":"hakkimizda","status":"publish","type":"page","link":"https:\/\/yedisuhealth.com\/?page_id=11","title":{"rendered":"Hakk\u0131m\u0131zda"},"content":{"rendered":"<p>[vc_row wrap_container=&#8221;yes&#8221; el_class=&#8221;pt-5 pb-4&#8243;][vc_column][vc_custom_heading text=&#8221;T\u00fcrkiye, D\u00fcnya&#8217;da en \u00e7ok hastane say\u0131s\u0131na sahip ikinci \u00fclke konumundad\u0131r. T\u00fcrkiye&#8217;de Doktor ba\u015f\u0131na d\u00fc\u015fen hasta say\u0131s\u0131n\u0131n olduk\u00e7a az olmas\u0131 sebebiyle, tedavi i\u00e7in en \u00e7ok tercih edilen \u00fclkeler aras\u0131ndad\u0131r. Ayr\u0131ca bu oran her y\u0131l t\u0131p alan\u0131nda yeni tedavi y\u00f6ntemlerinin geli\u015ftirilmesinde ve kaliteli sa\u011fl\u0131k<br \/>\nhizmetlerinin sizlere ula\u015ft\u0131r\u0131lmas\u0131nda b\u00fcy\u00fck rol oynamaktad\u0131r.<\/p>\n<p>T\u00fcrkiye&#8217;de tedavi olmak isteyen ki\u015filer g\u00fcvenilir ve kaliteli sa\u011fl\u0131k hizmetleri almak i\u00e7in sa\u011fl\u0131k turizmi acentalar\u0131n\u0131 tercih etmektedir.<\/p>\n<p>Yedisu Health ; \u00dclkedeki en iyi, en profesyonel ve en tecr\u00fcbeli hekim ekibi ile organize \u00e7al\u0131\u015farak, yurtd\u0131\u015f\u0131ndan medikal turizm i\u00e7in T\u00fcrkiye&#8217;yi tercih eden hastalara, tedavilerinin en iyi, en geli\u015fmi\u015f sa\u011fl\u0131k merkezlerinde uygulanmas\u0131n\u0131 sa\u011flayan bir sa\u011fl\u0131k turizmi acentas\u0131d\u0131r.<\/p>\n<p>Sa\u011fl\u0131k turizmi alan\u0131nda her y\u0131l y\u00fczlerce ki\u015finin tedavi organizasyonlar\u0131n\u0131 \u00fcstlenen firmam\u0131z, hastalar\u0131n tedavi s\u00fcrecine ortakl\u0131k etmekte, Sa\u011fl\u0131k ve Turizm Bakanl\u0131\u011f\u0131&#8217;n\u0131n destekleri ve y\u00f6nergeleriyle hizmetlerini her ge\u00e7en g\u00fcn iyile\u015ftirmektedir.&#8221; font_container=&#8221;tag:p|text_align:left&#8221; use_theme_fonts=&#8221;yes&#8221;][\/vc_column][\/vc_row][vc_row wrap_container=&#8221;yes&#8221; el_class=&#8221;custom-info-boxes mb-5 pb-4 pb-xl-5&#8243;][vc_column animation_delay=&#8221;500&#8243; offset=&#8221;vc_col-lg-4 vc_col-md-6&#8243; el_class=&#8221;mb-4 mb-xl-0 pb-2 pb-xl-0&#8243; animation_type=&#8221;fadeInRight&#8221;]<div class=\"porto-sicon-box p-5 mb-0 background-color-light box-shadow-1 h-100  wpb_custom_1efe903570d178ff0a9b7bfa5febd3a4 style_1 top-icon\"><div class=\"porto-sicon-top\"><div id=\"porto-icon-62017638769e0101264fbb\" class=\"porto-just-icon-wrapper porto-sicon-img\" style=\"font-size: 91px;\"><img loading=\"lazy\" decoding=\"async\" class=\"img-icon\" alt=\"\" src=\"https:\/\/yedisuhealth.com\/wp-content\/uploads\/2021\/11\/ulasimicon.png\" width=\"91\" height=\"98\" \/><\/div><\/div><div class=\"porto-sicon-header\"><h3 class=\"porto-sicon-title\" style=\"font-weight:700;font-size:1.5rem;line-height:1.5;\">Ula\u015f\u0131m<\/h3><\/div> <!-- header --><div class=\"porto-sicon-description\" style=\"\">T\u00fcrkiye &#8216; ye Ula\u015f\u0131m i\u015flemlerinizi Ger\u00e7ekle\u015ftiriyoruz<\/div> <!-- description --><\/div><!-- porto-sicon-box -->[\/vc_column][vc_column animation_delay=&#8221;200&#8243; offset=&#8221;vc_col-lg-4 vc_col-md-6&#8243; el_class=&#8221;mb-4 mb-xl-0 pb-2 pb-xl-0&#8243; animation_type=&#8221;zoomIn&#8221;]<div class=\"porto-sicon-box p-5 mb-0 background-color-light box-shadow-1 h-100  wpb_custom_1efe903570d178ff0a9b7bfa5febd3a4 style_1 top-icon\"><div class=\"porto-sicon-top\"><div id=\"porto-icon-134941064069e0101265686\" class=\"porto-just-icon-wrapper porto-sicon-img\" style=\"font-size: 106px;\"><img loading=\"lazy\" decoding=\"async\" class=\"img-icon\" alt=\"\" src=\"https:\/\/yedisuhealth.com\/wp-content\/uploads\/2021\/11\/hotelicon.png\" width=\"91\" height=\"98\" \/><\/div><\/div><div class=\"porto-sicon-header\"><h3 class=\"porto-sicon-title\" style=\"font-weight:700;font-size:1.5rem;line-height:1.5;\">Konaklama<\/h3><\/div> <!-- header --><div class=\"porto-sicon-description\" style=\"\">T\u00fcrkiye&#8217;nin e\u015fsiz otellerinde konaklaman\u0131z\u0131 sa\u011fl\u0131yoruz<\/div> <!-- description --><\/div><!-- porto-sicon-box -->[\/vc_column][vc_column animation_delay=&#8221;500&#8243; offset=&#8221;vc_col-lg-4 vc_col-md-6&#8243; el_class=&#8221;mb-4 mb-xl-0 pb-2 pb-xl-0&#8243; animation_type=&#8221;fadeInLeft&#8221;]<div class=\"porto-sicon-box p-5 mb-0 background-color-light box-shadow-1 h-100  wpb_custom_1efe903570d178ff0a9b7bfa5febd3a4 style_1 top-icon\"><div class=\"porto-sicon-top\"><div id=\"porto-icon-26006680169e0101265d1a\" class=\"porto-just-icon-wrapper porto-sicon-img\" style=\"font-size: 104px;\"><img loading=\"lazy\" decoding=\"async\" class=\"img-icon\" alt=\"\" src=\"https:\/\/yedisuhealth.com\/wp-content\/uploads\/2021\/11\/tedaviicon.png\" width=\"91\" height=\"98\" \/><\/div><\/div><div class=\"porto-sicon-header\"><h3 class=\"porto-sicon-title\" style=\"font-weight:700;font-size:1.5rem;line-height:1.5;\">Tedavi<\/h3><\/div> <!-- header --><div class=\"porto-sicon-description\" style=\"\">\u0130htiyac\u0131n\u0131z olan tedaviyi uzman doktorlar\u0131m\u0131z e\u015fli\u011finde kaliteli sa\u011fl\u0131k tesislerinde ger\u00e7ekle\u015ftiriyoruz<\/div> <!-- description --><\/div><!-- porto-sicon-box -->[\/vc_column][\/vc_row][vc_row content_placement=&#8221;middle&#8221; no_padding=&#8221;yes&#8221; el_class=&#8221;mb-lg-5 pb-md-4&#8243; css=&#8221;.vc_custom_1636882180660{margin-bottom: 0px !important;padding-bottom: 0px !important;}&#8221;][vc_column animation_delay=&#8221;100&#8243; offset=&#8221;vc_col-md-6&#8243; css=&#8221;.vc_custom_1636889734274{padding-top: 33vh !important;padding-bottom: 33vh !important;background-image: url(http:\/\/yedisuhealth.com\/wp-content\/uploads\/2021\/11\/ana-sayfa-gorsel.jpg?id=3703) !important;background-position: center !important;background-repeat: no-repeat !important;background-size: cover !important;}&#8221; el_class=&#8221;section-right-triangle&#8221; animation_type=&#8221;fadeIn&#8221;][\/vc_column][vc_column is_half=&#8221;yes&#8221; offset=&#8221;vc_col-md-6&#8243; half_css=&#8221;py-5&#8243;][vc_custom_heading text=&#8221;Yedisu Health&#8221; font_container=&#8221;tag:p|text_align:left&#8221; use_theme_fonts=&#8221;yes&#8221; animation_delay=&#8221;100&#8243; el_class=&#8221;mb-0&#8243; animation_type=&#8221;fadeInUp&#8221;][vc_custom_heading text=&#8221;Hizmet Hakk\u0131nda&#8221; font_container=&#8221;tag:h3|font_size:1.8em|text_align:left|line_height:1&#8243; use_theme_fonts=&#8221;yes&#8221; text_transform=&#8221;text-capitalize&#8221; animation_delay=&#8221;200&#8243; el_class=&#8221;mb-2&#8243; animation_type=&#8221;fadeInUp&#8221;][vc_custom_heading text=&#8221;Sa\u011fl\u0131k Hizmetleri Ekibimiz; T\u00fcrkiye&#8217;deki en profesyonel ve en tecr\u00fcbeli hekim ekibi ile organize \u00e7al\u0131\u015farak yurtd\u0131\u015f\u0131ndan medikal turizm i\u00e7in T\u00fcrkiye&#8217;yi tercih eden hastalar\u0131n tedavilerini en iyi, en geli\u015fmi\u015f sa\u011fl\u0131k merkezlerinde tedavi olmalar\u0131n\u0131 sa\u011flayan bir sa\u011fl\u0131k turizmi acentas\u0131d\u0131r.<br \/>\nSa\u011fl\u0131k Hizmetleri Ekibimiz, hastan\u0131n \u015fikayetleri ve beklentileri ile ilgili olarak en do\u011fru ve en iyi hizmeti en uygun maliyetlerle alabilece\u011fi alan\u0131nda uzman ve deneyimli hekimleri se\u00e7er. Hastan\u0131n tercih edece\u011fi doktor ile hasta ad\u0131na gerekli \u00f6n g\u00f6r\u00fc\u015fmeyi ger\u00e7ekle\u015ftirerek tedavi plan\u0131n\u0131 olu\u015fturur.<br \/>\nSa\u011fl\u0131k Hizmetleri Ekibimiz, hastaya \u00f6zel fiyat i\u00e7eren tedavi plan\u0131 haz\u0131rlayarak kendisine iletir ve tedavisi boyunca t\u00fcm s\u00fcre\u00e7lerinde yan\u0131nda olarak, T\u00fcrkiye&#8217;de kendi \u00fclkesinde gibi hissetmesi i\u00e7in gerekli t\u00fcm rahatl\u0131\u011f\u0131 ve konforu sa\u011flar.<br \/>\nBizlere ula\u015ft\u0131\u011f\u0131n\u0131z andan itibaren mevcut raporlar\u0131n\u0131z ve durumunuz, hastal\u0131\u011f\u0131n\u0131z konusunda en deneyimli bran\u015f hekimlerimize iletilecek ve tedaviniz doktorunuzun direktifleri do\u011frultusunda \u015fekillendirilecektir.&#8221; font_container=&#8221;tag:p|text_align:left&#8221; use_theme_fonts=&#8221;yes&#8221; animation_delay=&#8221;400&#8243; el_class=&#8221;mb-4&#8243; animation_type=&#8221;fadeInUp&#8221;][vc_custom_heading text=&#8221;S\u00fcre\u00e7 \u015eu \u015eekilde \u0130\u015fliyor ;&#8221; font_container=&#8221;tag:p|text_align:left&#8221; use_theme_fonts=&#8221;yes&#8221; animation_delay=&#8221;100&#8243; el_class=&#8221;mb-4&#8243; animation_type=&#8221;fadeInUp&#8221;][vc_row_inner][vc_column_inner width=&#8221;1\/2&#8243; offset=&#8221;vc_col-lg-6 vc_col-md-12&#8243;]<div class=\"porto-animation\"  data-appear-animation=\"fadeInUp\" data-appear-animation-delay=\"200\"><div class=\"porto-sicon-box mb-2  wpb_custom_1efe903570d178ff0a9b7bfa5febd3a4 style_1 default-icon\"><div class=\"porto-sicon-default\"><div class=\"porto-just-icon-wrapper porto-icon advanced\" style=\"color:#222529;background:transparent;border-style:solid;border-color:#e7e7e7;border-width:1px;width:38px;height:38px;line-height:38px;border-radius:20px;font-size:11.2px;\"><i class=\"fas fa-check\"><\/i><\/div><\/div><div class=\"porto-sicon-header\"><h5 class=\"porto-sicon-title\" style=\"letter-spacing:0;\">Medikal Raporlar \u0130ncelenir<\/h5><\/div> <!-- header --><\/div><!-- porto-sicon-box --><\/div><div class=\"porto-animation\"  data-appear-animation=\"fadeInUp\" data-appear-animation-delay=\"300\"><div class=\"porto-sicon-box mb-2  wpb_custom_1efe903570d178ff0a9b7bfa5febd3a4 style_1 default-icon\"><div class=\"porto-sicon-default\"><div class=\"porto-just-icon-wrapper porto-icon advanced\" style=\"color:#222529;background:transparent;border-style:solid;border-color:#e7e7e7;border-width:1px;width:38px;height:38px;line-height:38px;border-radius:20px;font-size:11.2px;\"><i class=\"fas fa-check\"><\/i><\/div><\/div><div class=\"porto-sicon-header\"><h5 class=\"porto-sicon-title\" style=\"letter-spacing:0;\">\u0130lgili Doktorlar \u0130le Payla\u015f\u0131l\u0131r<\/h5><\/div> <!-- header --><\/div><!-- porto-sicon-box --><\/div><div class=\"porto-animation\"  data-appear-animation=\"fadeInUp\" data-appear-animation-delay=\"400\"><div class=\"porto-sicon-box mb-2  wpb_custom_1efe903570d178ff0a9b7bfa5febd3a4 style_1 default-icon\"><div class=\"porto-sicon-default\"><div class=\"porto-just-icon-wrapper porto-icon advanced\" style=\"color:#222529;background:transparent;border-style:solid;border-color:#e7e7e7;border-width:1px;width:38px;height:38px;line-height:38px;border-radius:20px;font-size:11.2px;\"><i class=\"fas fa-check\"><\/i><\/div><\/div><div class=\"porto-sicon-header\"><h5 class=\"porto-sicon-title\" style=\"letter-spacing:0;\">F\u0130yatland\u0131rma Yap\u0131l\u0131r<\/h5><\/div> <!-- header --><\/div><!-- porto-sicon-box --><\/div>[\/vc_column_inner][vc_column_inner width=&#8221;1\/2&#8243; offset=&#8221;vc_col-lg-6 vc_col-md-12&#8243;]<div class=\"porto-animation\"  data-appear-animation=\"fadeInUp\" data-appear-animation-delay=\"500\"><div class=\"porto-sicon-box mb-2  wpb_custom_1efe903570d178ff0a9b7bfa5febd3a4 style_1 default-icon\"><div class=\"porto-sicon-default\"><div class=\"porto-just-icon-wrapper porto-icon advanced\" style=\"color:#222529;background:transparent;border-style:solid;border-color:#e7e7e7;border-width:1px;width:38px;height:38px;line-height:38px;border-radius:20px;font-size:11.2px;\"><i class=\"fas fa-check\"><\/i><\/div><\/div><div class=\"porto-sicon-header\"><h5 class=\"porto-sicon-title\" style=\"letter-spacing:0;\">Karar\u0131n\u0131z Do\u011frultusunda Seyehat i\u015flemleri ba\u015flat\u0131l\u0131r<\/h5><\/div> <!-- header --><\/div><!-- porto-sicon-box --><\/div><div class=\"porto-animation\"  data-appear-animation=\"fadeInUp\" data-appear-animation-delay=\"600\"><div class=\"porto-sicon-box mb-2  wpb_custom_1efe903570d178ff0a9b7bfa5febd3a4 style_1 default-icon\"><div class=\"porto-sicon-default\"><div class=\"porto-just-icon-wrapper porto-icon advanced\" style=\"color:#222529;background:transparent;border-style:solid;border-color:#e7e7e7;border-width:1px;width:38px;height:38px;line-height:38px;border-radius:20px;font-size:11.2px;\"><i class=\"fas fa-check\"><\/i><\/div><\/div><div class=\"porto-sicon-header\"><h5 class=\"porto-sicon-title\" style=\"letter-spacing:0;\">Hastane , Doktor ve Konaklama organize edilir<\/h5><\/div> <!-- header --><\/div><!-- porto-sicon-box --><\/div><div class=\"porto-animation\"  data-appear-animation=\"fadeInUp\" data-appear-animation-delay=\"700\"><div class=\"porto-sicon-box mb-2  wpb_custom_1efe903570d178ff0a9b7bfa5febd3a4 style_1 default-icon\"><div class=\"porto-sicon-default\"><div class=\"porto-just-icon-wrapper porto-icon advanced\" style=\"color:#222529;background:transparent;border-style:solid;border-color:#e7e7e7;border-width:1px;width:38px;height:38px;line-height:38px;border-radius:20px;font-size:11.2px;\"><i class=\"fas fa-check\"><\/i><\/div><\/div><div class=\"porto-sicon-header\"><h5 class=\"porto-sicon-title\" style=\"letter-spacing:0;\">Tedavi S\u00fcreci Ba\u015flar<\/h5><\/div> <!-- header --><\/div><!-- porto-sicon-box --><\/div>[\/vc_column_inner][\/vc_row_inner][\/vc_column][\/vc_row][vc_row wrap_container=&#8221;yes&#8221; el_class=&#8221;pt-5 pb-4&#8243;][vc_column width=&#8221;1\/2&#8243;]<div class=\"porto-blockquote wpb_content_element \"><blockquote class=\" blockquote-reverse \"><p>\n<h3>Misyon<\/h3>\n<ul>\n<li>Hastalar\u0131n tedavi \u00f6ncesi ve sonras\u0131 t\u00fcm organizasyonlar\u0131na h\u0131zl\u0131 ve profesyonel \u00e7\u00f6z\u00fcmler \u00fcretmek<\/li>\n<li>Kaliteli sa\u011fl\u0131k hizmetlerini t\u00fcm insanl\u0131\u011f\u0131n hizmetine sunmak.<\/li>\n<li>Son teknoloji cihazlar ile donat\u0131lm\u0131\u015f sa\u011fl\u0131k kurumlar\u0131n\u0131n tercih edilmesinde \u00f6nc\u00fc olmak<\/li>\n<li>Hastalar\u0131n tedavi s\u00fcreci boyunca ihtiya\u00e7lar\u0131na yeterince cevap verebilmek<\/li>\n<li>Tedavi s\u00fcreci boyunca hasta haklar\u0131 kanununa uygun ve konforlu bir s\u00fcre\u00e7 ya\u015fatmak<\/li>\n<li>Hastalar\u0131n ya\u015fayabilece\u011fi sorunlarda \u00f6nceden \u00f6nlem almak<\/li>\n<li>Hastalar\u0131n tedavi sonras\u0131nda \u00fclkelerine g\u00fcvenli bir \u015fekilde ula\u015fmalar\u0131na \u00f6nc\u00fcl\u00fck etmek<\/li>\n<\/ul>\n<p><\/p><\/blockquote><\/div>[\/vc_column][vc_column width=&#8221;1\/2&#8243;]<div class=\"porto-blockquote wpb_content_element \"><blockquote class=\"  \"><p>\n<h3>Vizyon<\/h3>\n<ul>\n<li>T\u00fcrkiye&#8217;nin 2023 Sa\u011fl\u0131k Turizmi hedeflerine hedeflerine ula\u015fmas\u0131nda en aktif \u00e7al\u0131\u015fan turizm acentas\u0131 konumuna gelmek<\/li>\n<li>\u0130nternet Ortam\u0131nda T\u00fcrkiye&#8217;de Sa\u011fl\u0131k Turizminin tan\u0131t\u0131m\u0131n\u0131 \u00fcstlenen say\u0131l\u0131 acentalar aras\u0131nda olmak.<\/li>\n<li>A+hastanelerinden ald\u0131\u011f\u0131 g\u00fcc\u00fc T\u00fcrk misafir perverli\u011fi ve etik duru\u015fu ile birle\u015ftirerek, sa\u011fl\u0131k turizm alan\u0131nda referans firmas\u0131 olmak<\/li>\n<\/ul>\n<p><\/p><\/blockquote><\/div>[\/vc_column][\/vc_row]<\/p>\n","protected":false},"excerpt":{"rendered":"<p>[vc_row wrap_container=&#8221;yes&#8221; el_class=&#8221;pt-5 pb-4&#8243;][vc_column][vc_custom_heading text=&#8221;T\u00fcrkiye, D\u00fcnya&#8217;da en \u00e7ok hastane say\u0131s\u0131na sahip ikinci \u00fclke konumundad\u0131r. T\u00fcrkiye&#8217;de Doktor ba\u015f\u0131na d\u00fc\u015fen hasta say\u0131s\u0131n\u0131n olduk\u00e7a az olmas\u0131 sebebiyle, tedavi i\u00e7in en \u00e7ok tercih edilen \u00fclkeler aras\u0131ndad\u0131r. Ayr\u0131ca bu oran her y\u0131l t\u0131p alan\u0131nda yeni tedavi y\u00f6ntemlerinin geli\u015ftirilmesinde ve kaliteli sa\u011fl\u0131k hizmetlerinin sizlere ula\u015ft\u0131r\u0131lmas\u0131nda b\u00fcy\u00fck rol oynamaktad\u0131r. T\u00fcrkiye&#8217;de tedavi olmak [&hellip;]<\/p>\n","protected":false},"author":1,"featured_media":0,"parent":0,"menu_order":0,"comment_status":"closed","ping_status":"closed","template":"","meta":{"footnotes":""},"class_list":["post-11","page","type-page","status-publish","hentry"],"_links":{"self":[{"href":"https:\/\/yedisuhealth.com\/index.php?rest_route=\/wp\/v2\/pages\/11","targetHints":{"allow":["GET"]}}],"collection":[{"href":"https:\/\/yedisuhealth.com\/index.php?rest_route=\/wp\/v2\/pages"}],"about":[{"href":"https:\/\/yedisuhealth.com\/index.php?rest_route=\/wp\/v2\/types\/page"}],"author":[{"embeddable":true,"href":"https:\/\/yedisuhealth.com\/index.php?rest_route=\/wp\/v2\/users\/1"}],"replies":[{"embeddable":true,"href":"https:\/\/yedisuhealth.com\/index.php?rest_route=%2Fwp%2Fv2%2Fcomments&post=11"}],"version-history":[{"count":9,"href":"https:\/\/yedisuhealth.com\/index.php?rest_route=\/wp\/v2\/pages\/11\/revisions"}],"predecessor-version":[{"id":3720,"href":"https:\/\/yedisuhealth.com\/index.php?rest_route=\/wp\/v2\/pages\/11\/revisions\/3720"}],"wp:attachment":[{"href":"https:\/\/yedisuhealth.com\/index.php?rest_route=%2Fwp%2Fv2%2Fmedia&parent=11"}],"curies":[{"name":"wp","href":"https:\/\/api.w.org\/{rel}","templated":true}]}}